{"id":176,"date":"2023-06-19T11:42:28","date_gmt":"2023-06-19T09:42:28","guid":{"rendered":"https:\/\/www.lune-bordeaux.fr\/?post_type=product&#038;p=176"},"modified":"2023-06-19T11:42:28","modified_gmt":"2023-06-19T09:42:28","slug":"charlotte-yaourt-a-la-grec-cerises","status":"publish","type":"product","link":"https:\/\/www.lune-bordeaux.fr\/index.php\/produit\/charlotte-yaourt-a-la-grec-cerises\/","title":{"rendered":"Charlotte Yaourt \u00e0 la Grec Cerises"},"content":{"rendered":"<p>Biscuit cuill\u00e8re, Mousse Yaourt \u00e0 la Grec et Confit de cerises griottes et Bigarreaux fra\u00eeches, Fleurs comestibles bio<\/p>\n","protected":false},"excerpt":{"rendered":"<p>Biscuit cuill\u00e8re, Mousse Yaourt \u00e0 la Grec et Confit de cerises griottes et Bigarreaux fra\u00eeches, Fleurs comestibles bio<\/p>\n","protected":false},"featured_media":172,"template":"","meta":[],"product_cat":[15],"product_tag":[],"class_list":["post-176","product","type-product","status-publish","has-post-thumbnail","hentry","product_cat-non-classe"],"_links":{"self":[{"href":"https:\/\/www.lune-bordeaux.fr\/index.php\/wp-json\/wp\/v2\/product\/176","targetHints":{"allow":["GET"]}}],"collection":[{"href":"https:\/\/www.lune-bordeaux.fr\/index.php\/wp-json\/wp\/v2\/product"}],"about":[{"href":"https:\/\/www.lune-bordeaux.fr\/index.php\/wp-json\/wp\/v2\/types\/product"}],"wp:featuredmedia":[{"embeddable":true,"href":"https:\/\/www.lune-bordeaux.fr\/index.php\/wp-json\/wp\/v2\/media\/172"}],"wp:attachment":[{"href":"https:\/\/www.lune-bordeaux.fr\/index.php\/wp-json\/wp\/v2\/media?parent=176"}],"wp:term":[{"taxonomy":"product_cat","embeddable":true,"href":"https:\/\/www.lune-bordeaux.fr\/index.php\/wp-json\/wp\/v2\/product_cat?post=176"},{"taxonomy":"product_tag","embeddable":true,"href":"https:\/\/www.lune-bordeaux.fr\/index.php\/wp-json\/wp\/v2\/product_tag?post=176"}],"curies":[{"name":"wp","href":"https:\/\/api.w.org\/{rel}","templated":true}]}}